me factors of 203894?
2, 97, 1051
What are the prime factors of 775271?
7, 110753
List the prime factors of 2032569.
3, 7, 11, 419
What are the prime factors of 1392891?
3, 101, 4597
What are the prime factors of 3150619?
3150619
What are the prime factors of 24900639?
3, 8300213
What are the prime factors of 6954786?
2, 3, 23, 107, 157
List the prime factors of 164797.
223, 739
List the prime factors of 3590791.
17, 19, 11117
List the prime factors of 6699938.
2, 7, 17, 28151
What are the prime factors of 243961?
23, 10607
What are the prime factors of 2599151?
1031, 2521
List the prime factors of 24882710.
2, 5, 2488271
List the prime factors of 1053972.
2, 3, 3253
What are the prime factors of 32864859?
3, 17, 29, 823
List the prime factors of 2176304.
2, 13, 10463
What are the prime factors of 2279333?
7, 181, 257
List the prime factors of 1786245.
3, 5, 119083
List the prime factors of 4330465.
5, 866093
What are the prime factors of 346621?
11, 31511
What are the prime factors of 1739467?
23, 75629
What are the prime factors of 529582?
2, 264791
What are the prime factors of 130966?
2, 11, 5953
What are the prime factors of 1617972?
2, 3, 73, 1847
What are the prime factors of 1563383?
229, 6827
What are the prime factors of 1354052?
2, 7, 37, 1307
List the prime factors of 4231297.
7, 86353
What are the prime factors of 2816029?
2816029
What are the prime factors of 6319276?
2, 1579819
What are the prime factors of 2054513?
197, 10429
List the prime factors of 11002690.
2, 5, 37, 131, 227
List the prime factors of 9622336.
2, 251, 599
List the prime factors of 232869.
3, 7, 13, 853
List the prime factors of 890788.
2, 43, 5179
What are the prime factors of 1303884?
2, 3, 12073
List the prime factors of 237001.
347, 683
List the prime factors of 2008952.
2, 11, 37, 617
List the prime factors of 5045139.
3, 11, 16987
List the prime factors of 252285.
3, 5, 11, 139
List the prime factors of 9673736.
2, 19, 31, 2053
List the prime factors of 1632234.
2, 3, 272039
List the prime factors of 2107771.
2107771
What are the prime factors of 568064?
2, 7, 317
What are the prime factors of 2591981?
7, 379, 977
What are the prime factors of 17097093?
3, 13, 19, 7691
What are the prime factors of 1847845?
5, 19, 53, 367
What are the prime factors of 1910265?
3, 5, 7, 23, 113
List the prime factors of 27164.
2, 6791
What are the prime factors of 233507?
37, 6311
What are the prime factors of 4457060?
2, 5, 17, 13109
List the prime factors of 2892582.
2, 3, 7, 11, 2087
List the prime factors of 2060.
2, 5, 103
List the prime factors of 358747.
358747
What are the prime factors of 6300025?
5, 252001
List the prime factors of 997234.
2, 7, 19, 23, 163
List the prime factors of 3815825.
5, 13, 59, 199
List the prime factors of 3802655.
5, 760531
List the prime factors of 1069682.
2, 534841
What are the prime factors of 4593220?
2, 5, 83, 2767
List the prime factors of 135550.
2, 5, 2711
List the prime factors of 9421826.
2, 1103, 4271
What are the prime factors of 1043409?
3, 17, 41, 499
What are the prime factors of 13088030?
2, 5, 1308803
What are the prime factors of 6230197?
211, 29527
What are the prime factors of 4178644?
2, 211, 4951
What are the prime factors of 4796472?
2, 3, 199853
List the prime factors of 5034007.
11, 73, 6269
List the prime factors of 210578.
2, 211, 499
List the prime factors of 169602.
2, 3, 23, 1229
List the prime factors of 13160102.
2, 6580051
What are the prime factors of 26570903?
1787, 14869
List the prime factors of 12996475.
5, 19, 27361
List the prime factors of 5115842.
2, 37, 257, 269
List the prime factors of 862686.
2, 3, 11, 4357
List the prime factors of 41099.
73, 563
List the prime factors of 11784549.
3, 7, 80167
List the prime factors of 919493.
401, 2293
List the prime factors of 174431.
174431
List the prime factors of 396354.
2, 3, 7, 9437
List the prime factors of 609821.
609821
What are the prime factors of 656490?
2, 3, 5, 79, 277
List the prime factors of 1366792.
2, 7, 24407
List the prime factors of 524113.
524113
List the prime factors of 8246827.
8246827
What are the prime factors of 3189003?
3, 1063001
List the prime factors of 4931954.
2, 2465977
What are the prime factors of 767100?
2, 3, 5, 2557
What are the prime factors of 882426?
2, 3, 61, 2411
What are the prime factors of 19531919?
11, 1775629
List the prime factors of 1699786.
2, 11, 77263
What are the prime factors of 769379?
13, 59183
List the prime factors of 12852656.
2, 503, 1597
What are the prime factors of 18231413?
59, 309007
List the prime factors of 33595400.
2, 5, 17, 41, 241
What are the prime factors of 14432224?
2, 23, 19609
List the prime factors of 16544010.
2, 3, 5, 7, 78781
List the prime factors of 11134011.
3, 7, 257, 2063
What are the prime factors of 2673288?
2, 3, 107, 347
List the prime factors of 302242.
2, 151121
What are the prime factors of 3826727?
419, 9133
List the prime factors of 7603218.
2, 3, 7, 60343
What are the prime factors of 2472383?
443, 5581
List the prime factors of 82427.
139, 593
What are the prime factors of 379081?
379081
List the prime factors of 126302.
2, 11, 5741
List the prime factors of 1026973.
23, 44651
What are the prime factors of 1929127?
19, 101533
What are the prime factors of 126123?
3, 17, 2473
What are the prime factors of 685526?
2, 353, 971
What are the prime factors of 530074?
2, 265037
What are the prime factors of 616007?
7, 88001
List the prime factors of 833269.
833269
What are the prime factors of 115452?
2, 3, 1069
List the prime factors of 1042159.
137, 7607
What are the prime factors of 5086897?
5086897
What are the prime factors of 2728032?
2, 3, 157, 181
List the prime factors of 436191.
3, 7, 20771
List the prime factors of 447904.
2, 13997
What are the prime factors of 402580?
2, 5, 20129
What are the prime factors of 5685047?
19, 299213
What are the prime factors of 5903674?
2, 7, 421691
What are the prime factors of 4277177?
439, 9743
What are the prime factors of 66288?
2, 3, 1381
List the prime factors of 294948.
2, 3, 2731
List the prime factors of 738575.
5, 31, 953
List the prime factors of 583374.
2, 3, 11, 8839
What are the prime factors of 391065?
3, 5, 29, 31
List the prime factors of 374925.
3, 5, 4999
List the prime factors of 9864743.
7, 17, 19, 4363
What are the prime factors of 10216405?
5, 17, 120193
List the prime factors of 3797644.
2, 19, 107, 467
What are the prime factors of 30375334?
2, 11, 379, 3643
List the prime factors of 509794.
2, 41, 6217
What are the prime factors of 544314?
2, 3, 83, 1093
What are the prime factors of 19409?
13, 1493
List the prime factors of 2280361.
19, 257, 467
List the prime factors of 3782312.
2, 71, 6659
List the prime factors of 82605.
3, 5, 5507
List the prime factors of 1661112.
2, 3, 23071
List the prime factors of 17147.
13, 1319
List the prime factors of 213421.
13, 16417
List the prime factors of 2492609.
7, 97, 3671
What are the prime factors of 1053950?
2, 5, 107, 197
What are the prime factors of 622007?
37, 16811
What are the prime factors of 65132?
2, 19, 857
List the prime factors of 1416260.
2, 5, 19, 3727
What are the prime factors of 1252352?
2, 1223
List the prime factors of 2015279.
7, 31, 37, 251
What are the prime factors of 7961821?
7, 1137403
What are the prime factors of 117953?
11, 10723
What are the prime factors of 28264450?
2, 5, 565289
List the prime factors of 854089.
854089
What are the prime factors of 308083?
191, 1613
List the prime factors of 233017.
43, 5419
List the prime factors of 2404307.
1451, 1657
What are the prime factors of 118836?
2, 3, 3301
What are the prime factors of 3586330?
2, 5, 11, 32603
List the prime factors of 3123848.
2, 7, 13, 613
List the prime factors of 426839.
7, 31, 281
List the prime factors of 439803.
3, 7, 13, 179
List the prime factors of 159747.
3, 7, 7607
What are the prime factors of 5249569?
13, 43, 9391
List the prime factors of 144910.
2, 5, 43, 337
What are the prime factors of 366365?
5, 47, 1559
List the prime factors of 1952808.
2, 3, 11, 13, 569
List the prime factors of 467327.
7, 101, 661
What are the prime factors of 1270028?
2, 383, 829
What are the prime factors of 7193224?
2, 899153
List the prime factors of 765586